{"id":134,"date":"2025-09-10T18:03:16","date_gmt":"2025-09-10T16:03:16","guid":{"rendered":"http:\/\/tdi_46_645"},"modified":"2025-12-10T20:12:45","modified_gmt":"2025-12-10T19:12:45","slug":"android-mobile-phone","status":"publish","type":"product","link":"https:\/\/aluminij-gradjenje.hr\/index.php\/product\/android-mobile-phone\/","title":{"rendered":"Aluminijski U profil za staklene ograde"},"content":{"rendered":"<h3 data-start=\"76\" data-end=\"141\">Aluminijski U profil za staklene ograde \u2013 dvodijelni sustav<\/h3>\n<p data-start=\"143\" data-end=\"299\">Ovaj <strong data-start=\"148\" data-end=\"185\">aluminijski U profil u dva dijela<\/strong> idealno je rje\u0161enje za monta\u017eu staklenih ograda, pru\u017eaju\u0107i <strong data-start=\"245\" data-end=\"296\">stabilnost, sigurnost i estetski moderan izgled<\/strong>.<\/p>\n<p data-start=\"301\" data-end=\"332\"><strong data-start=\"301\" data-end=\"330\">Karakteristike proizvoda:<\/strong><\/p>\n<ul data-start=\"333\" data-end=\"808\">\n<li data-start=\"333\" data-end=\"430\">\n<p data-start=\"335\" data-end=\"430\"><strong data-start=\"335\" data-end=\"356\">Dvodijelni dizajn<\/strong> \u2013 jednostavna monta\u017ea staklenih panela bez potrebe za dodatnim okvirom.<\/p>\n<\/li>\n<li data-start=\"431\" data-end=\"552\">\n<p data-start=\"433\" data-end=\"552\"><strong data-start=\"433\" data-end=\"465\">Visoka stabilnost i nosivost<\/strong> \u2013 aluminijska konstrukcija osigurava dugotrajnu \u010dvrsto\u0107u i otpornost na optere\u0107enja.<\/p>\n<\/li>\n<li data-start=\"553\" data-end=\"664\">\n<p data-start=\"555\" data-end=\"664\"><strong data-start=\"555\" data-end=\"586\">Otporan na vremenske uvjete<\/strong> \u2013 idealan za vanjske i unutarnje primjene, ne zahtijeva dodatno odr\u017eavanje.<\/p>\n<\/li>\n<li data-start=\"665\" data-end=\"808\">\n<p data-start=\"667\" data-end=\"808\"><strong data-start=\"667\" data-end=\"694\">Moderan estetski izgled<\/strong> \u2013 minimalisti\u010dki dizajn nagla\u0161ava staklo i prozirnost ograde, prilago\u0111eno suvremenim arhitektonskim rje\u0161enjima.<\/p>\n<p>CIJENA za du\u017eni metar<\/li>\n<\/ul>\n<p data-start=\"946\" data-end=\"1083\">\n","protected":false},"excerpt":{"rendered":"<p data-start=\"810\" data-end=\"825\"><strong data-start=\"810\" data-end=\"823\">Primjena:<\/strong><\/p>\n<ul data-start=\"826\" data-end=\"944\">\n<li data-start=\"826\" data-end=\"875\">\n<p data-start=\"828\" data-end=\"875\">staklene ograde za balkone, terase i stubi\u0161ta<\/p>\n<\/li>\n<li data-start=\"876\" data-end=\"944\">\n<p data-start=\"878\" data-end=\"944\">prostorije s visokim zahtjevom za modernim i prozra\u010dnim izgledom<\/p>\n<\/li>\n<\/ul>\n<p data-start=\"946\" data-end=\"1083\">Ovaj U profil u dva dijela omogu\u0107uje <strong data-start=\"983\" data-end=\"1027\">brzu i sigurnu ugradnju staklenih panela<\/strong>, \u010dine\u0107i va\u0161 prostor elegantnim, otvorenim i sigurnim.<\/p>\n","protected":false},"featured_media":269,"template":"","meta":[],"product_brand":[],"product_cat":[26,52],"product_tag":[53,54],"class_list":{"0":"post-134","1":"product","2":"type-product","3":"status-publish","4":"has-post-thumbnail","6":"product_cat-gadgets","7":"product_cat-web-shop","8":"product_tag-staklena-ograda","9":"product_tag-staklo","11":"first","12":"instock","13":"sale","14":"virtual","15":"taxable","16":"purchasable","17":"product-type-simple"},"yoast_head":"<!-- This site is optimized with the Yoast SEO plugin v27.5 - https:\/\/yoast.com\/product\/yoast-seo-wordpress\/ -->\n<title>Aluminijski U profil za staklene ograde - Aluminij gra\u0111enje<\/title>\n<meta name=\"robots\" content=\"index, follow, max-snippet:-1, max-image-preview:large, max-video-preview:-1\" \/>\n<link rel=\"canonical\" href=\"https:\/\/aluminij-gradjenje.hr\/index.php\/product\/android-mobile-phone\/\" \/>\n<meta property=\"og:locale\" content=\"hr_HR\" \/>\n<meta property=\"og:type\" content=\"article\" \/>\n<meta property=\"og:title\" content=\"Aluminijski U profil za staklene ograde - Aluminij gra\u0111enje\" \/>\n<meta property=\"og:description\" content=\"Primjena:     staklene ograde za balkone, terase i stubi\u0161ta    prostorije s visokim zahtjevom za modernim i prozra\u010dnim izgledom   Ovaj U profil u dva dijela omogu\u0107uje brzu i sigurnu ugradnju staklenih panela, \u010dine\u0107i va\u0161 prostor elegantnim, otvorenim i sigurnim.\" \/>\n<meta property=\"og:url\" content=\"https:\/\/aluminij-gradjenje.hr\/index.php\/product\/android-mobile-phone\/\" \/>\n<meta property=\"og:site_name\" content=\"Aluminij gra\u0111enje\" \/>\n<meta property=\"article:modified_time\" content=\"2025-12-10T19:12:45+00:00\" \/>\n<meta property=\"og:image\" content=\"https:\/\/aluminij-gradjenje.hr\/wp-content\/uploads\/2025\/09\/Alu-gradjenje-profil-za-staklenu-ogradu.jpg\" \/>\n\t<meta property=\"og:image:width\" content=\"1024\" \/>\n\t<meta property=\"og:image:height\" content=\"878\" \/>\n\t<meta property=\"og:image:type\" content=\"image\/jpeg\" \/>\n<meta name=\"twitter:card\" content=\"summary_large_image\" \/>\n<meta name=\"twitter:label1\" content=\"Procijenjeno vrijeme \u010ditanja\" \/>\n\t<meta name=\"twitter:data1\" content=\"1 minuta\" \/>\n<script type=\"application\/ld+json\" class=\"yoast-schema-graph\">{\"@context\":\"https:\\\/\\\/schema.org\",\"@graph\":[{\"@type\":\"WebPage\",\"@id\":\"https:\\\/\\\/aluminij-gradjenje.hr\\\/index.php\\\/product\\\/android-mobile-phone\\\/\",\"url\":\"https:\\\/\\\/aluminij-gradjenje.hr\\\/index.php\\\/product\\\/android-mobile-phone\\\/\",\"name\":\"Aluminijski U profil za staklene ograde - Aluminij gra\u0111enje\",\"isPartOf\":{\"@id\":\"https:\\\/\\\/aluminij-gradjenje.hr\\\/#website\"},\"primaryImageOfPage\":{\"@id\":\"https:\\\/\\\/aluminij-gradjenje.hr\\\/index.php\\\/product\\\/android-mobile-phone\\\/#primaryimage\"},\"image\":{\"@id\":\"https:\\\/\\\/aluminij-gradjenje.hr\\\/index.php\\\/product\\\/android-mobile-phone\\\/#primaryimage\"},\"thumbnailUrl\":\"https:\\\/\\\/aluminij-gradjenje.hr\\\/wp-content\\\/uploads\\\/2025\\\/09\\\/Alu-gradjenje-profil-za-staklenu-ogradu.jpg\",\"datePublished\":\"2025-09-10T16:03:16+00:00\",\"dateModified\":\"2025-12-10T19:12:45+00:00\",\"breadcrumb\":{\"@id\":\"https:\\\/\\\/aluminij-gradjenje.hr\\\/index.php\\\/product\\\/android-mobile-phone\\\/#breadcrumb\"},\"inLanguage\":\"hr\",\"potentialAction\":[{\"@type\":\"ReadAction\",\"target\":[\"https:\\\/\\\/aluminij-gradjenje.hr\\\/index.php\\\/product\\\/android-mobile-phone\\\/\"]}]},{\"@type\":\"ImageObject\",\"inLanguage\":\"hr\",\"@id\":\"https:\\\/\\\/aluminij-gradjenje.hr\\\/index.php\\\/product\\\/android-mobile-phone\\\/#primaryimage\",\"url\":\"https:\\\/\\\/aluminij-gradjenje.hr\\\/wp-content\\\/uploads\\\/2025\\\/09\\\/Alu-gradjenje-profil-za-staklenu-ogradu.jpg\",\"contentUrl\":\"https:\\\/\\\/aluminij-gradjenje.hr\\\/wp-content\\\/uploads\\\/2025\\\/09\\\/Alu-gradjenje-profil-za-staklenu-ogradu.jpg\",\"width\":1024,\"height\":878},{\"@type\":\"BreadcrumbList\",\"@id\":\"https:\\\/\\\/aluminij-gradjenje.hr\\\/index.php\\\/product\\\/android-mobile-phone\\\/#breadcrumb\",\"itemListElement\":[{\"@type\":\"ListItem\",\"position\":1,\"name\":\"Po\u010detna stranica\",\"item\":\"https:\\\/\\\/aluminij-gradjenje.hr\\\/\"},{\"@type\":\"ListItem\",\"position\":2,\"name\":\"Shop\",\"item\":\"https:\\\/\\\/aluminij-gradjenje.hr\\\/index.php\\\/shop\\\/\"},{\"@type\":\"ListItem\",\"position\":3,\"name\":\"Aluminijski U profil za staklene ograde\"}]},{\"@type\":\"WebSite\",\"@id\":\"https:\\\/\\\/aluminij-gradjenje.hr\\\/#website\",\"url\":\"https:\\\/\\\/aluminij-gradjenje.hr\\\/\",\"name\":\"Aluminij gra\u0111enje\",\"description\":\"\",\"potentialAction\":[{\"@type\":\"SearchAction\",\"target\":{\"@type\":\"EntryPoint\",\"urlTemplate\":\"https:\\\/\\\/aluminij-gradjenje.hr\\\/?s={search_term_string}\"},\"query-input\":{\"@type\":\"PropertyValueSpecification\",\"valueRequired\":true,\"valueName\":\"search_term_string\"}}],\"inLanguage\":\"hr\"}]}<\/script>\n<!-- \/ Yoast SEO plugin. -->","yoast_head_json":{"title":"Aluminijski U profil za staklene ograde - Aluminij gra\u0111enje","robots":{"index":"index","follow":"follow","max-snippet":"max-snippet:-1","max-image-preview":"max-image-preview:large","max-video-preview":"max-video-preview:-1"},"canonical":"https:\/\/aluminij-gradjenje.hr\/index.php\/product\/android-mobile-phone\/","og_locale":"hr_HR","og_type":"article","og_title":"Aluminijski U profil za staklene ograde - Aluminij gra\u0111enje","og_description":"Primjena:     staklene ograde za balkone, terase i stubi\u0161ta    prostorije s visokim zahtjevom za modernim i prozra\u010dnim izgledom   Ovaj U profil u dva dijela omogu\u0107uje brzu i sigurnu ugradnju staklenih panela, \u010dine\u0107i va\u0161 prostor elegantnim, otvorenim i sigurnim.","og_url":"https:\/\/aluminij-gradjenje.hr\/index.php\/product\/android-mobile-phone\/","og_site_name":"Aluminij gra\u0111enje","article_modified_time":"2025-12-10T19:12:45+00:00","og_image":[{"width":1024,"height":878,"url":"https:\/\/aluminij-gradjenje.hr\/wp-content\/uploads\/2025\/09\/Alu-gradjenje-profil-za-staklenu-ogradu.jpg","type":"image\/jpeg"}],"twitter_card":"summary_large_image","twitter_misc":{"Procijenjeno vrijeme \u010ditanja":"1 minuta"},"schema":{"@context":"https:\/\/schema.org","@graph":[{"@type":"WebPage","@id":"https:\/\/aluminij-gradjenje.hr\/index.php\/product\/android-mobile-phone\/","url":"https:\/\/aluminij-gradjenje.hr\/index.php\/product\/android-mobile-phone\/","name":"Aluminijski U profil za staklene ograde - Aluminij gra\u0111enje","isPartOf":{"@id":"https:\/\/aluminij-gradjenje.hr\/#website"},"primaryImageOfPage":{"@id":"https:\/\/aluminij-gradjenje.hr\/index.php\/product\/android-mobile-phone\/#primaryimage"},"image":{"@id":"https:\/\/aluminij-gradjenje.hr\/index.php\/product\/android-mobile-phone\/#primaryimage"},"thumbnailUrl":"https:\/\/aluminij-gradjenje.hr\/wp-content\/uploads\/2025\/09\/Alu-gradjenje-profil-za-staklenu-ogradu.jpg","datePublished":"2025-09-10T16:03:16+00:00","dateModified":"2025-12-10T19:12:45+00:00","breadcrumb":{"@id":"https:\/\/aluminij-gradjenje.hr\/index.php\/product\/android-mobile-phone\/#breadcrumb"},"inLanguage":"hr","potentialAction":[{"@type":"ReadAction","target":["https:\/\/aluminij-gradjenje.hr\/index.php\/product\/android-mobile-phone\/"]}]},{"@type":"ImageObject","inLanguage":"hr","@id":"https:\/\/aluminij-gradjenje.hr\/index.php\/product\/android-mobile-phone\/#primaryimage","url":"https:\/\/aluminij-gradjenje.hr\/wp-content\/uploads\/2025\/09\/Alu-gradjenje-profil-za-staklenu-ogradu.jpg","contentUrl":"https:\/\/aluminij-gradjenje.hr\/wp-content\/uploads\/2025\/09\/Alu-gradjenje-profil-za-staklenu-ogradu.jpg","width":1024,"height":878},{"@type":"BreadcrumbList","@id":"https:\/\/aluminij-gradjenje.hr\/index.php\/product\/android-mobile-phone\/#breadcrumb","itemListElement":[{"@type":"ListItem","position":1,"name":"Po\u010detna stranica","item":"https:\/\/aluminij-gradjenje.hr\/"},{"@type":"ListItem","position":2,"name":"Shop","item":"https:\/\/aluminij-gradjenje.hr\/index.php\/shop\/"},{"@type":"ListItem","position":3,"name":"Aluminijski U profil za staklene ograde"}]},{"@type":"WebSite","@id":"https:\/\/aluminij-gradjenje.hr\/#website","url":"https:\/\/aluminij-gradjenje.hr\/","name":"Aluminij gra\u0111enje","description":"","potentialAction":[{"@type":"SearchAction","target":{"@type":"EntryPoint","urlTemplate":"https:\/\/aluminij-gradjenje.hr\/?s={search_term_string}"},"query-input":{"@type":"PropertyValueSpecification","valueRequired":true,"valueName":"search_term_string"}}],"inLanguage":"hr"}]}},"_links":{"self":[{"href":"https:\/\/aluminij-gradjenje.hr\/index.php\/wp-json\/wp\/v2\/product\/134","targetHints":{"allow":["GET"]}}],"collection":[{"href":"https:\/\/aluminij-gradjenje.hr\/index.php\/wp-json\/wp\/v2\/product"}],"about":[{"href":"https:\/\/aluminij-gradjenje.hr\/index.php\/wp-json\/wp\/v2\/types\/product"}],"wp:featuredmedia":[{"embeddable":true,"href":"https:\/\/aluminij-gradjenje.hr\/index.php\/wp-json\/wp\/v2\/media\/269"}],"wp:attachment":[{"href":"https:\/\/aluminij-gradjenje.hr\/index.php\/wp-json\/wp\/v2\/media?parent=134"}],"wp:term":[{"taxonomy":"product_brand","embeddable":true,"href":"https:\/\/aluminij-gradjenje.hr\/index.php\/wp-json\/wp\/v2\/product_brand?post=134"},{"taxonomy":"product_cat","embeddable":true,"href":"https:\/\/aluminij-gradjenje.hr\/index.php\/wp-json\/wp\/v2\/product_cat?post=134"},{"taxonomy":"product_tag","embeddable":true,"href":"https:\/\/aluminij-gradjenje.hr\/index.php\/wp-json\/wp\/v2\/product_tag?post=134"}],"curies":[{"name":"wp","href":"https:\/\/api.w.org\/{rel}","templated":true}]}}